divisor of 160 and t?
16
Let l = -3198 + 3288. Let q be ((-216)/10)/(-3)*5. Calculate the highest common factor of l and q.
18
Let v(f) = -f**2 - 20*f + 24. Let z be v(-21). Suppose -z*p + 33 = 9*u - 6*u, 3*u = 3*p - 27. What is the highest common divisor of p and 20?
10
Let n(g) = -26*g + 168. Let x be n(6). Suppose -4*j + 9 + 3 = 0. Suppose -j*a - 3 = c, 0*a - 8 = -2*c + a. Calculate the highest common divisor of x and c.
3
Let g be ((-2)/4 + 11/(-66))*-12. Let m = 19 + 85. Calculate the greatest common divisor of g and m.
8
Let w be -9*3/(-9) - 1. Suppose 0 = 2*x - x + w*k - 22, -4*k = x - 16. What is the greatest common factor of 14 and x?
14
Let m be (-3)/(-6) - 190/(-4). Let x(s) = s + 22. Let h be x(-20). Let n be (-190)/(-12) - 0 - h/(-12). Calculate the greatest common divisor of m and n.
16
Let d be -2*(-9)/(-27)*1107/(-6). What is the highest common factor of d and 3?
3
Suppose -152 = -3*n - 2*h - 2*h, -n + 56 = -4*h. Calculate the highest common factor of n and 182.
26
Suppose -450 = 4*k - 19*k. Let m(u) = 3*u - 6. Suppose 5*r - 16 = r. Let x be m(r). What is the greatest common factor of x and k?
6
Suppose 2*s - 4*n = -8*n - 592, -3*n + 564 = -2*s. Let f be s/9*(-2)/4. What is the highest common factor of f and 16?
16
Let p(y) = 2*y + 19. Let j be p(-9). Let a be j/(-3) + 62/6. Suppose -i + 4*w = -96, -5*i - 5*w + 380 = -0*i. Calculate the greatest common divisor of a and i.
10
Suppose 2*m - d = 186, 3*m - 84 = 2*m - 4*d. Calculate the highest common divisor of m and 506.
46
Let a(s) = -s**3 - 12*s**2 - s + 3. Let k = 4 - 16. Let p be a(k). Let d = -161 - -266. What is the highest common divisor of p and d?
15
Let k = -560 + 791. Let y(c) = c + 21. Let f be y(0). What is the highest common factor of f and k?
21
Suppose 0 = -7*l - 4*u + 112, 2*l = 7*l - 4*u - 32. Let s(h) = -30*h. Let r be s(-2). What is the highest common factor of l and r?
12
Suppose -4*o = -4*l - 14 - 110, 4*l = 5*o - 159. Calculate the greatest common divisor of o and 3.
1
Let g(q) = 3*q**2 - 20*q - 4. Let k be g(8). What is the highest common divisor of 56 and k?
28
Suppose -924 = -3*z - z. Let r = 41 + -41. Suppose t - 2*t + z = r. Calculate the highest common factor of t and 21.
21
Let h(v) = -v**3 + 18*v**2 - 77*v + 16. Let i be h(11). Calculate the greatest common factor of i and 32.
16
Let z(y) = -13*y + 27. Let j be z(-11). Let o = 390 - j. Calculate the highest common divisor of o and 20.
20
Let s(h) = -3*h - 10. Let c(p) = p**3 + 6*p**2 + 6*p + 6. Let r be c(-4). Let j be s(r). Let t = -20 - j. What is the greatest common factor of t and 16?
16
Suppose 162 - 71 = 7*u. Calculate the greatest common divisor of u and 3.
1
Let d(v) = 43*v - 30. Let q be d(2). Calculate the highest common factor of 196 and q.
28
Let y = -63 - -109. Suppose 0 = -4*g - 16, 2*k + 4*g + y = 3*k. What is the highest common factor of 6 and k?
6
Suppose -2*l + 172 = 2*b, 2*l = -4*b + 106 + 66. Calculate the highest common factor of l and 559.
43
Suppose -8*b - 2713 = -12*b - 5*g, -5*b - 3*g = -3375. What is the highest common divisor of 192 and b?
96
Suppose 2*r + 205 = 221. Calculate the highest common divisor of 136 and r.
8
Suppose -82*z = -102*z + 200. Calculate the highest common divisor of z and 40.
10
Let g = 438 - 222. Let y = -72 + 144. Suppose -4*a + a = -y. Calculate the greatest common factor of g and a.
24
Let n(o) be the second derivative of o**3/6 + 10*o**2 + 6*o. Suppose s = -2*s. Let b be n(s). Calculate the greatest common divisor of b and 180.
20
Let j(o) = 5*o + 32. Let h be j(0). Calculate the greatest common factor of h and 40.
8
Suppose 54 = 3*z - 78. Let d be 32 - (-3 - -8)/(-5). What is the greatest common factor of z and d?
11
Let v = 425 - 150. Suppose -5*t - 5*y = -140, -t + 2*y + 69 = 2*t. Calculate the highest common factor of v and t.
25
Suppose 2*u + 45 = 3*r, -r - 4*u = 3*r - 40. Let q = 643 - 539. What is the highest common factor of q and r?
13
Suppose -9*w = -11*w + 14. Let t be (48/w)/((-3)/(-42)). Let d(g) = -g**3 + 4*g**2 - 8*g + 27. Let q be d(3). What is the highest common factor of t and q?
12
Let c be ((-5)/(-3))/(1/3). Suppose 280 = c*l + 5*t, -3*t = -0*l + 2*l - 116. Calculate the highest common divisor of 78 and l.
26
Let l = -65 - -129. What is the greatest common factor of l and 8?
8
Let q = 178 + -163. Calculate the highest common factor of q and 6.
3
Let q(z) = 9*z**2 - 8*z + 6. Let p be q(2). What is the highest common divisor of 169 and p?
13
Suppose 2*b - 7 = 5. Suppose -z + 11 = 2*v, -b = 3*z - v - 18. Suppose -21 - 19 = -z*s. Calculate the greatest common divisor of 88 and s.
8
Let a = -559 + 588. Calculate the greatest common divisor of a and 29.
29
Suppose 2*u - 165 = h - 4*h, -3*u = -9. Suppose 84 = -2*f + 6*f + 4*q, 0 = -3*f - q + h. Calculate the highest common divisor of f and 24.
8
Suppose -3*z + f = -5*z + 6, 3*f + 6 = 0. Suppose 0 = -z*i - 29 + 77. Let w(g) = g**2 - 2*g + 132. Let h be w(0). What is the greatest common factor of h and i?
12
Let r = 849 + -680. Calculate the greatest common divisor of 13 and r.
13
Let v = 15 + 13. Let o = -3 + v. What is the greatest common factor of o and 175?
25
Suppose 5*g + 292 = 3*p, 23*p = 20*p - 5*g + 332. What is the highest common factor of p and 65?
13
Suppose 0*m - m + 19 = 0. Let k(f) = 21*f + 3. Suppose -3*u = 15, -a - 3*u = 11 - 4. Let p be k(a). What is the highest common divisor of p and m?
19
Suppose 5*c - 19 - 136 = 0. Suppose 1185*j = 1173*j + 1860. Calculate the greatest common divisor of j and c.
31
Let y be (-27 - -24) + 1*7. What is the highest common divisor of 36 and y?
4
Let w be 5602/8 - (-2 + 36/16). What is the greatest common divisor of 25 and w?
25
Let c = -47 - -107. What is the highest common factor of c and 150?
30
Suppose 0*l - 10*l = 1980. Let a = l - -333. Calculate the highest common divisor of a and 27.
27
Let f(k) = 2*k**2 + 20*k + 5. Let q be f(-11). Suppose -38*v = -35*v - q. Calculate the highest common factor of v and 3.
3
Let k(y) = y**3 - 8*y**2 + 16*y - 6. Let n = 2 - -4. Let w be k(n). What is the highest common factor of w and 81?
9
Suppose 97*l = 77*l + 1840. Calculate the highest common divisor of 115 and l.
23
Suppose -2*q = 2, 4*r - 13 = 5*q + 36. Suppose -3*d - 168 = -r*d. What is the highest common factor of d and 3?
3
Let q be 1/(-6)*-410 - (-4)/(-12). What is the highest common factor of q and 170?
34
Suppose 5*d - 2 - 48 = g, -41 = -4*d + g. Calculate the highest common divisor of 873 and d.
9
Suppose -532 = -10*r - 4*r. Calculate the greatest common factor of 57 and r.
19
Let n(p) = 19*p - 4. Let o(d) = -19*d + 4. Let x(m) = 4*n(m) + 5*o(m). Let h be x(-2). Calculate the greatest common factor of h and 28.
14
Let w(g) = g**3 + 12*g**2 - 12*g - 61. Let x be w(-9). What is the highest common factor of x and 10?
10
Let y = -105 + 111. Suppose -2*u - 5*z = -76, -y = -u + 5*z + 2. What is the highest common divisor of u and 224?
28
Let j = -28 - -22. Let u(m) = 13*m - 6. Let r(w) = 7*w - 3. Let x(s) = 5*r(s) - 3*u(s). Let v be x(j). Calculate the highest common divisor of v and 18.
9
Let i be (-40)/60*(-2 + -1). Let h be i/(-6 + 2) - 585/(-26). What is the greatest common factor of h and 22?
22
Suppose 26*h - 281 = 239. Suppose -2*i - 29 = -205. Suppose 0 = -2*f + 4*m + i, 2*f + 0*m - 97 = m. Calculate the highest common factor of h and f.
10
Let w(j) = -2*j**3 - 6*j**2 + j. Let m be w(-5). Let d = m + -3. Let l = -24 - -47. Calculate the highest common factor of l and d.
23
Let k be (-2 - 0) + -464*(-7)/14. Suppose 0 = 5*l - 10, -4*p + 5*l = -2*p - k. Calculate the highest common factor of 15 and p.
15
Let b(t) = -t**3 - 20*t**2 - 4*t - 15. Let r be b(-20). What is the highest common factor of r and 520?
65
Suppose 0 = 100*n - 95*n - 55. Calculate the highest common factor of n and 44.
11
Let n(g) = 6*g**2 - 11*g - 2. Let y be n(14). What is the greatest common divisor of y and 60?
60
Let t = 24 + 9. Let p = -6 - -5. Let i = 2 - p. What is the highest common divisor of t and i?
3
Let v be 304/(-1976) + 509/13 + 1. Let i be 3078/7 + (-2)/(-7). What is the greatest common factor of i and v?
40
Let p = 29 + -27. Suppose -5*o + 237 = u, -o - p*o + u + 147 = 0. Calculate the highest common factor of o and 24.
24
Suppose 146 = -7*h 